 9*g. What is the units digit of g?
0
What is the hundreds digit of (6 + 195/(-30))*(3 + 0 - 44589)?
2
Let b(f) = f**2 - 9*f - 10. Let c(a) = 10*a + 18. Let y(u) = u. Let l(x) = c(x) - 5*y(x). Let q be l(0). What is the units digit of b(q)?
2
Let t = 6387 - 5952. What is the units digit of t?
5
Let b = -44326 + 126563. What is the thousands digit of b?
2
Suppose -2*j - 24 = 86. Let k be (-2)/11 + (-120)/j. Let c(a) = -4*a + 12. What is the units digit of c(k)?
4
Let h(k) = 4*k**3 - k**2 - 18*k + 215. What is the tens digit of h(10)?
3
Suppose w - p = 22, 5*w + p = 106 + 16. Suppose 20*t + 1332 = w*t. What is the tens digit of t?
3
Suppose -4*v = 2*y - 1304, -3*v - 638 = -y + 2*v. Let u = -141 + y. What is the units digit of u?
7
Let j(w) = -w + 18. Let q be j(10). Let g = -489 + 1259. Suppose 13*f - q*f - g = 0. What is the units digit of f?
4
Suppose -8 = p - 3*p. Suppose -5*m + 368 = 4*i, -p*m = 2*i - 219 + 35. Let w = i + 9. What is the units digit of w?
1
Let i = 260 - 8. Let p = i + -39. Suppose 0 = 12*c - 15*c + p. What is the tens digit of c?
7
Let i(t) = -4*t**3 + t**2 + 6*t + 4. Let m be i(-6). Suppose -4*j = -3732 + m. What is the tens digit of j?
1
Let j(z) = 3*z**3 - 22*z**2 - 15*z - 10. Let x be 8/(-10)*(10 + 135/(-6)). What is the tens digit of j(x)?
4
Let d(k) = -k - 23. Let y be d(-23). Suppose j + 12 - 17 = y. Suppose z + 120 = j*m, -m + 3*m - 2*z = 40. What is the units digit of m?
5
Suppose 0 = -t + q - 5841 + 65572, 298673 = 5*t - 2*q. What is the hundreds digit of t?
7
Let x = 7642 + -4288. What is the units digit of x?
4
Let m(t) = -20*t**3 + 4*t**2 + 5*t + 3. Let y(v) = -7*v - 16. Let q be 2/3 + 1/(18/(-48)). Let i be y(q). What is the hundreds digit of m(i)?
1
Suppose -5*g + 5*u = 5, -g = -2*g - 4*u + 19. Let r be 7/1 + (-15)/g + 2. Suppose -76 = -r*l + 264. What is the tens digit of l?
8
Let j(p) = -512*p**3 + 4*p**2 - 308*p - 1512. What is the tens digit of j(-5)?
2
What is the thousands digit of -2 - (22 + 15 + -16202)?
6
Let g be (-5 + -4)/(-9) + -20. Let u(i) = i**3 + 20*i**2 - 13*i + 152. What is the tens digit of u(g)?
6
Let s(y) = 3*y**3 + 4*y**2 - 2*y. Let u be s(-2). Let h be ((-5)/(-2))/(u/(-8)). Suppose -h*q = 5*q - 430. What is the units digit of q?
3
Let m(v) = 6519*v**3 - v + 2. Let o be m(1). Suppose 5*a - o = -5*c, 0*a + 4*a = -5*c + 6521. What is the thousands digit of c?
1
Let g be 1/3*6/(-12)*6. Let i be (-12)/(-14)*((-33)/(-9) - g). Suppose -167 = -w - 2*z, i*w - 4*z = z + 629. What is the hundreds digit of w?
1
Suppose 3*a - 34 = -c + 17, 0 = 3*c. Let u be -42*a/(119/(-60)). Suppose u = 5*m - 105. What is the units digit of m?
3
Let d(b) = b**3 - 9*b**2 + 8*b - 11. Suppose 6*g - 212 + 62 = 0. Suppose 3*i + o = g, i + 3*i - 30 = -3*o. What is the units digit of d(i)?
1
Suppose 0 = 5*n + 20, 11*n = -t + 14*n + 934. What is the tens digit of t?
2
Let z(b) be the third derivative of -b**4/12 + b**3/2 - 16*b**2. Let m be z(3). What is the units digit of -297*(-1 - 2/m)?
9
Let k = 36567 + 4032. What is the hundreds digit of k?
5
Let f be 22/((-129)/(-620) - 4/20). Suppose -29*z + f = -25*z. What is the hundreds digit of z?
6
Let c(i) = i**3 - 22*i**2 + 20*i + 20. Let k be c(21). Let d be (0 - -62) + 3 - k. Suppose 0*z = z - d. What is the tens digit of z?
6
Let w(m) = m**3 + 18*m**2 - 35*m + 54. Suppose -7*d + 12*d + 9 = -2*f, 0 = -3*f - 2*d - 41. What is the units digit of w(f)?
8
Let p(q) = -19*q + 38 - 26*q + 21*q. What is the hundreds digit of p(-12)?
3
Suppose -9 = -4*b + b, -2*t - b - 9 = 0. Let z(p) be the first derivative of -3*p**2 - 21*p - 8. What is the units digit of z(t)?
5
Suppose -14*o + 18854 = -9034. What is the thousands digit of o?
1
Suppose l - 2*b = 20, 0*l = -3*l + 4*b + 60. Suppose 8*m + l = 13*m. Suppose m*w + 2*a - 122 = 0, -2*w + 0*w + 5*a + 43 = 0. What is the tens digit of w?
2
Let c = -271 + 855. Let k = 1239 - c. What is the units digit of k?
5
Suppose 5*p = 3*x + p - 52, 2*x = 3*p + 34. What is the tens digit of 2090/10 + x/(-4)?
0
Let f = -22 - -25. Suppose -2*t + f*t = 27. Suppose b - 57 = -t. What is the units digit of b?
0
Suppose 4*r = 2*p + 4, 5*r + 15*p - 4 = 18*p. Suppose -3*d - 4*s + 2182 = 0, -r*s + 0*s = -5*d + 3602. What is the hundreds digit of d?
7
Suppose -46 = -5*o + 29. Let b(t) = -o*t - 3 + 12 + 8 + 2*t. What is the units digit of b(-5)?
2
Suppose 0 = 117*i - 2219082 - 1320285. What is the hundreds digit of i?
2
Suppose -11197 = -4*m - 3*r, -m + 794 = r - 2007. What is the thousands digit of m?
2
Suppose 6*s - 846 = 1338. Let w = s + -177. What is the hundreds digit of w?
1
Suppose -10*m + 14 = -6. Suppose -m*w + 1132 = -0*w. What is the tens digit of w?
6
Let u be ((-2)/4)/(-7 - 162/(-24)). Suppose 6*n = -2*n + u*n. Suppose -6*b + 388 = -2*b + 4*l, n = 5*b - 4*l - 476. What is the units digit of b?
6
Let f = 671 - 462. Suppose -t + 2*g = -4 - f, -g = 3*t - 639. What is the tens digit of t?
1
Let w(b) = -b**3 - 6*b**2 - 3*b + 11. Let q be w(-4). What is the tens digit of -1 + 55/45 + (-1924)/q?
1
Let x(p) = 3*p**3 + 30*p**2 + 30*p - 62. Let k(t) = 2*t**3 + 15*t**2 + 16*t - 31. Let w(h) = -5*k(h) + 3*x(h). What is the units digit of w(15)?
9
Suppose -12*t + 978 = -10*t. Suppose -t = 2*j - 1337. Suppose 7*k - j = -k. What is the units digit of k?
3
Let w be (-342)/27*(-9)/6. What is the units digit of -1 - -4 - (w - 21)?
5
Let l = 44 - 48. Let n be (1/(-5)*-2)/(l/(-20)). Suppose -v = -4*o + 211, 0 = -5*o + n*v + 182 + 78. What is the units digit of o?
4
Suppose 0 = 7*o + 30 + 5. Let g(j) = j**2 - 2*j - 2. Let y(l) = -2*l**2 + 3*l + 4. Let f(c) = o*g(c) - 3*y(c). What is the hundreds digit of f(-13)?
1
Let w = -405 - 572. Let v = -247 - w. What is the hundreds digit of v?
7
Suppose 2*v - 5*f - 91 = 0, 0 = -3*f + 3 + 12. Suppose 65*z - 1036 = v*z. What is the tens digit of z?
4
Let j(a) = 8*a**2 + 16*a - 52. Let k be j(15). Suppose 6*d + 602 = k. What is the hundreds digit of d?
2
Let y(w) = 5*w**2 + 5*w - 1. Let q be y(5). Let n = -275 + q. What is the hundreds digit of (n/(-105))/(3/250)?
1
Let x(p) be the second derivative of 3*p**4/4 - p**3 - 7*p**2/2 - 24*p. Let z be x(-2). Let k = 29 + z. What is the units digit of k?
0
Suppose 48*u - 262924 - 451110 = 158990. What is the ten thousands digit of u?
1
Suppose i + 4 = 0, -h - i - 35 = -3*i. Let d = 46 + h. Suppose 5*n + 44 = w, 0*n + 77 = d*w - 4*n. What is the units digit of w?
9
Suppose 0 = 4*i + 32, v - 29978 = i - 2*i. What is the thousands digit of v?
9
Let q be 50/(-40) - (-3 - (-12084)/(-16)). Suppose 6*u - q - 2369 = 0. What is the hundreds digit of u?
5
Suppose -5*q + r - 132 = 0, 5*q = 9*r - 10*r - 128. Let p be (-3 + 1)/((-16)/120). Let d = p - q. What is the tens digit of d?
4
Suppose 34 - 99 = -13*v. Suppose 4*o - 4 = -v*i, o + 2*o = 3. Suppose 13*q - 2373 - 396 = i. What is the hundreds digit of q?
2
Suppose -5 - 20 = -5*y. Suppose 0*c = -y*d + 4*c + 1769, 2*d = c + 707. What is the units digit of d?
3
What is the units digit of (-414029)/(-28) + 1 - 19/(-76)?
8
Suppose 0 = -97*f + 98*f - 8856. What is the thousands digit of f?
8
Suppose -k - 1053 = 3*r - 6*r, 2*k = 3*r - 2094. What is the tens digit of (-70)/(-245) + k/(-7)?
4
Suppose -5*z - 163 = -4*u - 643, -z + 105 = u. What is the tens digit of (52/(-10))/((-20)/z)?
2
Suppose 0 = 3*r - 4*j - 15628, 0 = -18*r + 15*r - j + 15608. What is the tens digit of r?
0
Suppose -8 = 4*d - 8*d. Suppose j - 16 = -d. Suppose -20*w = -j*w - 894. What is the hundreds digit of w?
1
Suppose 78*v = 68*v + 93670. What is the thousands digit of v?
9
Suppose -2*c - 1849 = v - 12950, 0 = 2*c + 4*v - 11110. What is the hundreds digit of c?
5
Let c(k) = 53*k**2 - 17*k - 115. What is the thousands digit of c(-12)?
7
Let a = 34789 - 29196. What is the tens digit of a?
9
Suppose 5*k - 2*y = -y + 41, -4*k - y + 40 = 0. Suppose k*a - 10*a = 18. What is the units digit of 2*516/a*(-6)/4?
6
Let s(f) = 132*f + 409. What is the thousands digit of s(5)?
1
Let p = 397 + 684. Let v = p - 686. What is the hundreds digit of v?
3
Let h be (-2)/14 - ((-2388)/(-42) - -5). What is the units digit of 2390/4*h/(-155)?
9
Let f = -10970 - -1595. Let x be f/(-45) - (-4)/6. Suppose 3*r + 40 - 175 = -5*w, -3*w = -4*r + x. What is the tens digit of r?
5
Suppose -3*p - 4*y = -22, y + 0